{"id":10,"date":"2023-08-13T14:48:13","date_gmt":"2023-08-13T14:48:13","guid":{"rendered":"https:\/\/www.abysscore.com\/?page_id=10"},"modified":"2025-10-01T14:49:07","modified_gmt":"2025-10-01T12:49:07","slug":"portofolio","status":"publish","type":"page","link":"https:\/\/www.abysscore.com\/index.php\/portofolio\/","title":{"rendered":"Tuotteet"},"content":{"rendered":"\n<div class=\"wp-block-cover alignfull\" style=\"min-height:300px;aspect-ratio:unset;\"><span aria-hidden=\"true\" class=\"wp-block-cover__background has-nv-site-bg-background-color has-background-dim-100 has-background-dim\"><\/span><div class=\"wp-block-cover__inner-container is-layout-flow wp-block-cover-is-layout-flow\">\n<div class=\"wp-block-group\"><div class=\"wp-block-group__inner-container is-layout-flow wp-block-group-is-layout-flow\">\n<h1 class=\"wp-block-heading has-text-align-left has-neve-text-color-color has-text-color\">Tuotteet<\/h1>\n<\/div><\/div>\n<\/div><\/div>\n\n\n\n<div class=\"wp-block-cover alignfull\" style=\"min-height:600px;aspect-ratio:unset;\"><span aria-hidden=\"true\" class=\"wp-block-cover__background has-nv-light-bg-background-color has-background-dim-100 has-background-dim\"><\/span><div class=\"wp-block-cover__inner-container is-layout-flow wp-block-cover-is-layout-flow\">\n<div class=\"wp-block-group\"><div class=\"wp-block-group__inner-container is-layout-flow wp-block-group-is-layout-flow\">\n<div style=\"height:80px\" aria-hidden=\"true\" class=\"wp-block-spacer\"><\/div>\n\n\n\n<div class=\"wp-block-columns are-vertically-aligned-center is-layout-flex wp-container-core-columns-is-layout-1 wp-block-columns-is-layout-flex\">\n<div class=\"wp-block-column is-vertically-aligned-center is-layout-flow wp-block-column-is-layout-flow\" style=\"flex-basis:50%\"><div class=\"wp-block-image\">\n<figure class=\"aligncenter size-full is-resized\"><img data-recalc-dims=\"1\" loading=\"lazy\" decoding=\"async\" width=\"644\" height=\"600\" src=\"https:\/\/i0.wp.com\/www.abysscore.com\/wp-content\/uploads\/2025\/09\/ac_prods-ess.png?resize=644%2C600&#038;ssl=1\" alt=\"\" class=\"wp-image-332\" style=\"width:300px\" srcset=\"https:\/\/i0.wp.com\/www.abysscore.com\/wp-content\/uploads\/2025\/09\/ac_prods-ess.png?w=644&amp;ssl=1 644w, https:\/\/i0.wp.com\/www.abysscore.com\/wp-content\/uploads\/2025\/09\/ac_prods-ess.png?resize=300%2C280&amp;ssl=1 300w, https:\/\/i0.wp.com\/www.abysscore.com\/wp-content\/uploads\/2025\/09\/ac_prods-ess.png?resize=600%2C559&amp;ssl=1 600w\" sizes=\"auto, (max-width: 644px) 100vw, 644px\" \/><\/figure><\/div>\n\n\n<div style=\"height:24px\" aria-hidden=\"true\" class=\"wp-block-spacer\"><\/div>\n\n\n\n<h3 class=\"wp-block-heading has-text-align-center has-neve-text-color-color has-text-color\">Energiavarastot<\/h3>\n\n\n\n<p class=\"has-text-align-center has-neve-text-color-color has-text-color\">Energiavarastot s\u00e4hk\u00f6verkkoihin kytkettyn\u00e4 tai kokonaan verkosta irti m\u00f6keille ja veneisiin tai asuntoautoihin<\/p>\n\n\n\n<div class=\"wp-block-buttons is-content-justification-center is-layout-flex wp-container-core-buttons-is-layout-1 wp-block-buttons-is-layout-flex\">\n<div class=\"wp-block-button is-style-primary\"><a class=\"wp-block-button__link wp-element-button\" href=\"https:\/\/www.abysscore.com\/index.php\/portofolio\/energiavarastot\/\">LIS\u00c4TIETOJA<\/a><\/div>\n<\/div>\n\n\n\n<div style=\"height:40px\" aria-hidden=\"true\" class=\"wp-block-spacer\"><\/div>\n<\/div>\n\n\n\n<div class=\"wp-block-column is-vertically-aligned-center is-layout-flow wp-block-column-is-layout-flow\" style=\"flex-basis:50%\"><div class=\"wp-block-image\">\n<figure class=\"aligncenter size-full is-resized\"><img data-recalc-dims=\"1\" loading=\"lazy\" decoding=\"async\" width=\"644\" height=\"600\" src=\"https:\/\/i0.wp.com\/www.abysscore.com\/wp-content\/uploads\/2025\/09\/ac_prods-marine.png?resize=644%2C600&#038;ssl=1\" alt=\"\" class=\"wp-image-334\" style=\"width:300px\" srcset=\"https:\/\/i0.wp.com\/www.abysscore.com\/wp-content\/uploads\/2025\/09\/ac_prods-marine.png?w=644&amp;ssl=1 644w, https:\/\/i0.wp.com\/www.abysscore.com\/wp-content\/uploads\/2025\/09\/ac_prods-marine.png?resize=300%2C280&amp;ssl=1 300w, https:\/\/i0.wp.com\/www.abysscore.com\/wp-content\/uploads\/2025\/09\/ac_prods-marine.png?resize=600%2C559&amp;ssl=1 600w\" sizes=\"auto, (max-width: 644px) 100vw, 644px\" \/><\/figure><\/div>\n\n\n<div style=\"height:24px\" aria-hidden=\"true\" class=\"wp-block-spacer\"><\/div>\n\n\n\n<h3 class=\"wp-block-heading has-text-align-center has-neve-text-color-color has-text-color\">Veneiden S\u00e4hk\u00f6moottorit<\/h3>\n\n\n\n<p class=\"has-text-align-center has-neve-text-color-color has-text-color\">Purjeveneiden s\u00e4hk\u00f6inen voimansiirto on tulevaisuutta. Veneiss\u00e4 jotka kulkevat tuulella on j\u00e4rkev\u00e4\u00e4 korvata kallis ja vikaherkk\u00e4 diesel moottori s\u00e4hk\u00f6ll\u00e4<\/p>\n\n\n\n<div class=\"wp-block-buttons is-content-justification-center is-layout-flex wp-container-core-buttons-is-layout-2 wp-block-buttons-is-layout-flex\">\n<div class=\"wp-block-button is-style-primary\"><a class=\"wp-block-button__link wp-element-button\" href=\"https:\/\/www.abysscore.com\/index.php\/portofolio\/veneiden-sahkojarjestelmat\/\">LIS\u00c4TIETOJA<\/a><\/div>\n<\/div>\n\n\n\n<div style=\"height:40px\" aria-hidden=\"true\" class=\"wp-block-spacer\"><\/div>\n<\/div>\n<\/div>\n\n\n\n<div style=\"height:40px\" aria-hidden=\"true\" class=\"wp-block-spacer\"><\/div>\n<\/div><\/div>\n<\/div><\/div>\n\n\n\n<div class=\"wp-block-cover alignfull\" style=\"min-height:600px;aspect-ratio:unset;\"><span aria-hidden=\"true\" class=\"wp-block-cover__background has-nv-site-bg-background-color has-background-dim-100 has-background-dim\"><\/span><div class=\"wp-block-cover__inner-container is-layout-flow wp-block-cover-is-layout-flow\">\n<div class=\"wp-block-group\"><div class=\"wp-block-group__inner-container is-layout-flow wp-block-group-is-layout-flow\">\n<div style=\"height:80px\" aria-hidden=\"true\" class=\"wp-block-spacer\"><\/div>\n\n\n\n<div class=\"wp-block-columns are-vertically-aligned-center is-layout-flex wp-container-core-columns-is-layout-2 wp-block-columns-is-layout-flex\">\n<div class=\"wp-block-column is-vertically-aligned-center is-layout-flow wp-block-column-is-layout-flow\" style=\"flex-basis:50%\"><div class=\"wp-block-image\">\n<figure class=\"aligncenter size-full is-resized\"><img data-recalc-dims=\"1\" loading=\"lazy\" decoding=\"async\" width=\"662\" height=\"600\" src=\"https:\/\/i0.wp.com\/www.abysscore.com\/wp-content\/uploads\/2025\/09\/ac_prods-diving-1.png?resize=662%2C600&#038;ssl=1\" alt=\"\" class=\"wp-image-343\" style=\"width:300px\" srcset=\"https:\/\/i0.wp.com\/www.abysscore.com\/wp-content\/uploads\/2025\/09\/ac_prods-diving-1.png?w=662&amp;ssl=1 662w, https:\/\/i0.wp.com\/www.abysscore.com\/wp-content\/uploads\/2025\/09\/ac_prods-diving-1.png?resize=300%2C272&amp;ssl=1 300w, https:\/\/i0.wp.com\/www.abysscore.com\/wp-content\/uploads\/2025\/09\/ac_prods-diving-1.png?resize=600%2C544&amp;ssl=1 600w\" sizes=\"auto, (max-width: 662px) 100vw, 662px\" \/><\/figure><\/div>\n\n\n<div style=\"height:24px\" aria-hidden=\"true\" class=\"wp-block-spacer\"><\/div>\n\n\n\n<h3 class=\"wp-block-heading has-text-align-center has-neve-text-color-color has-text-color\">Sukellustuotteet<\/h3>\n\n\n\n<p class=\"has-text-align-center has-neve-text-color-color has-text-color\">Tuotteet tekniikkasukellukseet. Valmistamme jatkuvanvirtauksen kaasusekoitusj\u00e4rjestelmi\u00e4 tekniikkasukellukseen<\/p>\n\n\n\n<div class=\"wp-block-buttons is-content-justification-center is-layout-flex wp-container-core-buttons-is-layout-3 wp-block-buttons-is-layout-flex\">\n<div class=\"wp-block-button is-style-primary\"><a class=\"wp-block-button__link wp-element-button\" href=\"https:\/\/www.abysscore.com\/index.php\/portofolio\/sukellustuotteet\/\">LIS\u00c4TIETOJA<\/a><\/div>\n<\/div>\n\n\n\n<div style=\"height:40px\" aria-hidden=\"true\" class=\"wp-block-spacer\"><\/div>\n<\/div>\n<\/div>\n\n\n\n<div style=\"height:40px\" aria-hidden=\"true\" class=\"wp-block-spacer\"><\/div>\n<\/div><\/div>\n<\/div><\/div>\n","protected":false},"excerpt":{"rendered":"","protected":false},"author":1,"featured_media":0,"parent":0,"menu_order":0,"comment_status":"closed","ping_status":"closed","template":"","meta":{"neve_meta_sidebar":"","neve_meta_container":"","neve_meta_enable_content_width":"on","neve_meta_content_width":100,"neve_meta_title_alignment":"","neve_meta_author_avatar":"","neve_post_elements_order":"","neve_meta_disable_header":"","neve_meta_disable_footer":"","neve_meta_disable_title":"on","jetpack_post_was_ever_published":false,"footnotes":""},"class_list":["post-10","page","type-page","status-publish","hentry"],"jetpack_sharing_enabled":true,"_links":{"self":[{"href":"https:\/\/www.abysscore.com\/index.php\/wp-json\/wp\/v2\/pages\/10","targetHints":{"allow":["GET"]}}],"collection":[{"href":"https:\/\/www.abysscore.com\/index.php\/wp-json\/wp\/v2\/pages"}],"about":[{"href":"https:\/\/www.abysscore.com\/index.php\/wp-json\/wp\/v2\/types\/page"}],"author":[{"embeddable":true,"href":"https:\/\/www.abysscore.com\/index.php\/wp-json\/wp\/v2\/users\/1"}],"replies":[{"embeddable":true,"href":"https:\/\/www.abysscore.com\/index.php\/wp-json\/wp\/v2\/comments?post=10"}],"version-history":[{"count":16,"href":"https:\/\/www.abysscore.com\/index.php\/wp-json\/wp\/v2\/pages\/10\/revisions"}],"predecessor-version":[{"id":365,"href":"https:\/\/www.abysscore.com\/index.php\/wp-json\/wp\/v2\/pages\/10\/revisions\/365"}],"wp:attachment":[{"href":"https:\/\/www.abysscore.com\/index.php\/wp-json\/wp\/v2\/media?parent=10"}],"curies":[{"name":"wp","href":"https:\/\/api.w.org\/{rel}","templated":true}]}}